6). Calculate the highest common divisor of 48 and q.
8
Let m = 207 + -130. Let q(i) = -i**2 - 6*i - 6. Let b be q(-4). Suppose -l - c + 19 = -b*c, c = -3*l + m. What is the highest common divisor of 6 and l?
6
Suppose -v + 210 = -3*d, d = 3*v - 5*v + 392. Calculate the greatest common divisor of 22 and v.
22
Let p(l) = l**3 + 3. Let j be p(0). Let k = j - 1. Calculate the greatest common factor of 1 and k.
1
Let w(g) = g**2 - 6*g + 1. Let z be w(6). Calculate the greatest common factor of 8 and z.
1
Suppose 5*m = 3*m + 44. What is the highest common factor of 55 and m?
11
Let o be 0/(-2) - (0 - 12). Let j = -11 - -5. Let v be j*(2*-1)/4. What is the highest common divisor of o and v?
3
Let d = -21 + 25. What is the highest common factor of d and 40?
4
Let i = 61 - 42. Calculate the highest common divisor of 76 and i.
19
Let a(z) = -z**2 - 7*z + 1. Let n be a(-6). Calculate the greatest common divisor of n and 49.
7
Let z(p) = -p - 2. Let r be z(0). Let h(j) be the second derivative of -j**3/2 - 3*j**2/2 - 2*j. Let m be h(r). What is the greatest common divisor of 12 and m?
3
Let x(a) = a**2 + 2*a - 3. Let y be x(-10). What is the greatest common factor of 7 and y?
7
Suppose -4*x + 2*x = -242. Calculate the highest common factor of x and 11.
11
Let c be (-2)/7 - 750/70. Let z = c + 19. What is the greatest common divisor of 64 and z?
8
Let k(l) = -5*l - 5. Let y be k(-2). Suppose 0 = -0*v + y*v - 30. Calculate the greatest common divisor of 30 and v.
6
Let k = -6 + 8. Suppose 6 = k*d - d. Suppose -630 = v - d*v. What is the greatest common divisor of 18 and v?
18
Suppose -b = 11 - 2. Let q be 1/3 - 147/9. Let c be 3 + -1 - (q + b). What is the highest common factor of c and 9?
9
Suppose -1 + 3 = 2*w. Calculate the greatest common factor of w and 9.
1
Let t be 2 - (-16)/(-6)*3. Let g = t + 7. Calculate the highest common factor of g and 11.
1
Suppose 5*i - 4*h - 15 = 0, -2*i + 0*i + 23 = -5*h. Let l be (-1 + -11)*(i + -1). Suppose 5*b - l = 4*b. Calculate the greatest common divisor of 36 and b.
12
Suppose 4*w - 3 = 1. Let t(n) = 3*n**3 - 2*n**2 + 1. Let f be t(w). Let b be 1 + (-1 - f - -15). What is the highest common divisor of b and 117?
13
Let t = -101 + 114. Calculate the highest common factor of 13 and t.
13
Let c(x) = x**3 + 5*x**2 - x + 4. Let o be c(-4). What is the greatest common divisor of 12 and o?
12
Let b(k) = 4*k**2 + 1. Let y be b(-2). Suppose 0 = 3*v - 0 - 6. Suppose v*g = -2, 0*g + g - 254 = -5*o. What is the greatest common divisor of y and o?
17
Let k = -38 + 92. Suppose l + 5 = 0, -2*f = f + 4*l - 88. What is the greatest common divisor of f and k?
18
Let g be 3*(-2)/(-3) - 0. Suppose -g*d = 3*n + d - 60, 2*n = -5*d + 55. Let c = 23 + -13. Calculate the greatest common factor of c and n.
5
Suppose -5*b + 4 = u + 1, 5*u + 11 = b. Let y = 30 + u. Calculate the greatest common factor of 70 and y.
14
Let a = -67 + 112. Let u(c) = -c**2 + 2*c - 1. Let g be u(1). Suppose 2*i = -5*m + 30, g = -5*m + 16 + 4. Calculate the greatest common factor of a and i.
5
Let l(p) = -p**2 - 33*p. Let b be l(-28). What is the highest common divisor of 60 and b?
20
Let j(d) = 6*d**3 - d**2 - 3*d + 2. Let w be j(2). Let b = -143 + 243. Calculate the highest common factor of w and b.
20
Suppose 0 = 6*y - 2*y - 104. Calculate the greatest common factor of 26 and y.
26
Suppose -x - 5*s + 35 = 0, -3*s = -x - 5*s + 38. Calculate the highest common divisor of x and 60.
20
Let x = 2 + 3. Let h(v) = -v**3 + 4*v**2 + 7*v - 7. Let i be h(x). Let u be 0 - 0 - 33/(-1). Calculate the greatest common factor of u and i.
3
Suppose -w = 35 - 56. Calculate the greatest common divisor of 14 and w.
7
Suppose 11*w - 3 = 8*w. Calculate the highest common factor of w and 3.
1
Let w(y) = 6*y**3 - y - 2. Let i be w(2). Calculate the highest common divisor of i and 66.
22
Let n(i) = i**2 + i + 3. Let p be 3/(-1 - 11/(-8)). Let z be n(p). What is the greatest common factor of 15 and z?
15
Let m be (-15)/(-3)*48/15. Let x be (-66)/(-4) + (-8)/m. Let n be (2 - 1) + -2 - -17. Calculate the greatest common factor of n and x.
16
Let y(r) = r**3 - 9*r**2 + 4*r - 23. Let g be y(10). Let w = 1 - -12. Calculate the highest common factor of w and g.
13
Suppose 0*z + 5*n - 35 = -z, -2*n = 4*z - 104. Let w be (2*5)/((-7 - -2)/(-5)). Calculate the highest common factor of w and z.
5
Suppose 3*i - i = 46. What is the greatest common divisor of 161 and i?
23
Let h = 6 - 6. Let y be (-57)/(-21) - (-4)/14. Suppose h = g + y*g - 56. Calculate the highest common divisor of 112 and g.
14
Let t(o) = o**3 - o**2 - 5*o - 3. Let y be t(4). Suppose -4*q = 5*s - 490, 2*q + 6*s - 3*s - 244 = 0. What is the highest common factor of y and q?
25
Let z = -71 + 79. What is the greatest common divisor of 40 and z?
8
Let g = -17 + 26. Suppose -5*y + 92 = -j, 0 = -5*y - 5*j + 2*j + 84. Let d be (y/8)/((-2)/(-24)). What is the highest common factor of d and g?
9
Suppose -u - 4*u - 5*f + 380 = 0, -5*u - 4*f + 381 = 0. Let t = -44 + u. Suppose 0*i = 3*i - t. What is the greatest common divisor of i and 1?
1
Let y = 139 - 94. Let p be (-84)/(3/(-6) - 1). Let k be (-2)/3 + p/3. Calculate the highest common divisor of y and k.
9
Let s be -27*(39/18*-2 - 0). Let f(t) = 2*t + 5. Let r be f(4). Calculate the greatest common factor of r and s.
13
Suppose 2*i - 5 + 1 = 0. Suppose 4*x - 30 = i. Let u be (1*-3)/((-6)/x). Calculate the greatest common divisor of u and 28.
4
Let t be (-14 + 0)*(-45)/18. Calculate the greatest common factor of 14 and t.
7
Let j be 4 - (-1 - (1 - 0)). Let x(b) = -b**3 + 8*b**2 - 7. Let w be x(j). Let p = w + -41. Calculate the highest common divisor of p and 36.
12
Let v be (6/(-4))/((-4)/136). Suppose -3*o + 4*o - 34 = 0. Calculate the greatest common divisor of v and o.
17
Let u be -6*(-6)/36 - -56. Calculate the highest common factor of 513 and u.
57
Let m = -9 - -12. Let f be 149/7 + (-6)/21. Calculate the highest common divisor of m and f.
3
Let f(v) = -6*v - 18. Let o be f(-7). What is the highest common divisor of o and 192?
24
Let u(d) = -d**3 + 9*d**2 + 2*d - 13. Let h be u(9). Suppose -6*n - h*c + 20 = -3*n, -65 = -3*n + 4*c. Calculate the highest common factor of 105 and n.
15
Let d be (-12)/9*(-5 + -7). Suppose -5*r + 4*l + 116 = 0, l = r + 6*l - 29. Calculate the highest common divisor of r and d.
8
Let p be (-39*6/9)/(-2). Calculate the greatest common divisor of 221 and p.
13
Suppose -8*p + 109 = b - 3*p, -2*p - 95 = -b. Calculate the greatest common divisor of b and 33.
33
Let t(j) = -4*j + 12. Let l be t(-9). Let n = -32 + l. Calculate the highest common divisor of 128 and n.
16
Let w be (-2)/(-6) - (-89)/3. Suppose -39 = -2*t + 1. What is the greatest common factor of w and t?
10
Let s = -17 - -25. Calculate the highest common divisor of s and 2.
2
Let b(l) = l**2 + 4*l - 11. Let m be b(-8). Let f = 70 - -14. What is the highest common divisor of f and m?
21
Suppose -30 = -u + x, -2*x = u - 4*x - 32. Suppose -5*i - 24 = q + 46, 4*i + 75 = 3*q. Let r = u + i. What is the highest common divisor of r and 91?
13
Suppose -2*n - 5*k + 18 = 0, -n - 5*k + 2 = -3*n. Suppose 2*b = u - 10, 28 = -0*u + n*u + 4*b. Calculate the greatest common divisor of u and 24.
8
Suppose a = 2*j + 2*j, 0 = -2*j + 2*a. Suppose j*k - k = 1, -4*r + 4*k + 196 = 0. What is the highest common factor of r and 6?
6
Let y = 29 + -21. Suppose 9*t = 4*t + 25. Let v(i) = i**2 - 3*i - 2. Let o be v(t). What is the highest common factor of y and o?
8
Let q be -2 - (2 - (-10)/(-2)). Let m(v) = 74*v**2 + v. Let s be m(q). Let x = 25 - 10. What is the greatest common divisor of s and x?
15
Suppose 0*r - r = -6. Let t = -2 + -1. Let m be ((4 - 2) + t)*-6. What is the greatest common divisor of r and m?
6
Let y(g) = 2*g**2 + g. Let w = 41 + -20. Suppose -2*u = 3*q + w, -q = -6*q + 3*u - 16. Let c be y(q). What is the greatest common divisor of c and 30?
15
Let b(z) = 3*z - 2. Suppose o + 10 = 6*o. Let g be b(o). Suppose y - g = -3*d + 1, -4*y = -d - 33. Calculate the highest common factor of y and 8.
8
Let p be (-78)/351 + ((-490)/(-18) - -1). What is the greatest common factor of p and 7?
7
Let k(f) = -9*f - 45. Let b be k(-13). What is the greatest common divisor of 48 and b?
24
Suppose 2*t = 3*d + 57, -3*t = -